the third derivative of i**5/30 - 5*i**4/8 + i**3 - i**2. Let u be (0 - 1)/((-278)/(-1390)). What is the units digit of z(u)?
1
Let q(y) = 3*y**2 - 12*y + 11743. What is the thousands digit of q(0)?
1
Let t = -35 + 38. Suppose -4*l + 3*n + 2392 = 8*n, -5*l + 2990 = -t*n. What is the hundreds digit of l?
5
Let a(w) = -2*w - 20. Let t = -6 + 12. Let r be a(t). What is the units digit of (1 + -1 - r)/1?
2
Suppose -561*b + 2032717 = -151*b - 9086483. What is the hundreds digit of b?
1
Let r(t) = t**3 + 14*t**2 - 15*t + 7. Let h be -16 + (8/4 - -2). What is the tens digit of r(h)?
7
Let i be (-1 - 5)*5/15 + -2. Let t be i/((9/(-48))/((-9)/6)). Let k = t - -118. What is the tens digit of k?
8
Suppose -2*g + 4 = 24. Let w(x) = 16*x - 32. Let n be w(g). Let h = n - -343. What is the units digit of h?
1
Suppose 5*r - l = 46, 5 = 2*r + l - 12. Let j(z) = 16*z + 29. What is the tens digit of j(r)?
7
Let z(a) be the first derivative of 81*a**4/2 - a**3/3 + 4*a**2 - 6*a - 9. What is the tens digit of z(1)?
6
Let c(b) = b**3 + 9*b**2 + 20*b - 6. Let d be c(-4). Let x(f) be the second derivative of -f**4/12 - 13*f**3/6 + 4*f**2 - f. What is the units digit of x(d)?
0
Suppose -5*x + 0*x - 5*f = -95, -31 = -x + 3*f. Let r(t) = 33*t + 294. What is the thousands digit of r(x)?
1
Suppose -12*f = 19*f - 124. What is the hundreds digit of 0 - (5955/(-6) - 2/f)?
9
Suppose -j + 4*a + 22439 = 0, -6*a + 9*a - 12 = 0. What is the hundreds digit of j/30 - -4*(-3)/24?
7
Let f = 48068 - 11542. What is the thousands digit of f?
6
Let l(r) = 2*r**3 - 4*r**2 + 3*r + 2. Suppose a - 1 = 0, 3*t + 2*a = 4*a + 139. Let s = t - 44. What is the units digit of l(s)?
9
Let v = -1586 + 142. What is the hundreds digit of v/12*(0 + (1 - 4))?
3
Let w = -10 - -14. Let v = 7 - w. Suppose 6*b + 12 = v*b, 3*l - 121 = -2*b. What is the tens digit of l?
4
Let k = -199 - -343. Let p = 371 - k. What is the hundreds digit of p?
2
Let s = -27475 + 53946. What is the tens digit of s?
7
Suppose -7*t = 114 - 16. Let w(s) be the second derivative of -s**4/12 - 4*s**3 + 17*s**2/2 - 12*s. What is the hundreds digit of w(t)?
1
Let v = 206 + -216. What is the units digit of (-542)/(9 + 95/v)?
4
Suppose -54*g = -92*g + 494. What is the tens digit of g?
1
Let p(k) = -35*k**3 - 53*k**2 - 333*k - 11. What is the units digit of p(-6)?
9
Suppose 0 = 4*z - 3*z + 2146. What is the tens digit of (-54)/189 + z/28*-2?
5
Let j = 233 - -479. What is the hundreds digit of j?
7
Let f(m) be the second derivative of m**4/12 - 3*m**3 - 3*m**2 + 51*m + 1. What is the units digit of f(-6)?
8
Let v = -58 - -61. Suppose -3*z - 284 = -5*t, -2*t - 5*z - v + 98 = 0. Let x = t - -7. What is the tens digit of x?
6
Suppose 5*z = -5*k + 68240, -4*z - 2*k = -48173 - 6415. What is the thousands digit of z?
3
Let s = 12129 + -6699. What is the thousands digit of s?
5
Let b be 6/(-66) + (-2082)/(-33). What is the thousands digit of (-8)/(-18) - (-67823)/b?
1
Suppose -4*i = -3*h + 7409, -2*h + 39*i = 42*i - 4928. What is the units digit of h?
7
Let l = 26089 + -18349. What is the units digit of l?
0
Suppose -275576 = -75*h - 121*h. What is the hundreds digit of h?
4
Let i(b) = -244*b - 148 + 29 + 207*b. What is the tens digit of i(-6)?
0
Let n(a) = 3*a - 49. Let l be n(17). Let y be (60/(-8) - 1)/(l/(-8)). Suppose -y = -4*v + 406. What is the hundreds digit of v?
1
Let z = -45 + 85. Let j = z - 11. Suppose -36 = j*g - 33*g. What is the units digit of g?
9
What is the thousands digit of 40/(-20)*6/(72/(-11814))?
1
Suppose 0 = 7*h - 323 + 78. Let q be 2142/h*20/6. Suppose 9*l = 7*l + q. What is the tens digit of l?
0
Let m(p) = 2*p**3 + 9*p**2 - 6*p + 1. Let o be m(-5). Suppose v = 4*v + o. What is the hundreds digit of v/(-4)*(-2 + 217 + -3)?
1
Let b = 25 + -19. Let l = b - 3. Suppose l*z = 113 - 8. What is the units digit of z?
5
Let q be (-13)/(-1) + (-5 - 4/(-2)). Suppose 9*a + q*a = 4693. What is the hundreds digit of a?
2
Suppose 5*a = -0*o - o - 37, -4*o - 129 = a. Let v = -32 - o. Suppose v = -4*i + 127 + 29. What is the units digit of i?
9
Let l(b) = 3*b**3 + 9*b**2 - 74*b + 733. What is the thousands digit of l(10)?
3
Suppose 2*r - 34 = 6. Let w be ((11 - -2) + 6)*(1 - r). Let m = -249 - w. What is the units digit of m?
2
Let w = -17 + 13. Let v(c) = -c**2 - c + 1. Let j(n) = -n**3 - 2*n**2 + 2*n + 17. Let l(f) = j(f) - 6*v(f). What is the units digit of l(w)?
7
Let f be -946 + 45/30*2/3. Let m = -484 - f. What is the units digit of m?
1
What is the thousands digit of ((-7)/1)/(64/(-90304))?
9
Let s = 4654 - -12090. What is the hundreds digit of s?
7
Let s be 18064/6 - (-18)/(-27). Suppose -39*x - s = -49*x. What is the tens digit of x?
0
Let w = 11758 - 3341. What is the hundreds digit of w?
4
Suppose -22*r - 36 = -25*r. Suppose -r + 2 = -2*b. Suppose b*y = 332 + 63. What is the units digit of y?
9
Let q(i) = -627*i - 14475. What is the thousands digit of q(-51)?
7
Let m = 3118 + -555. Let q = -1829 + m. What is the tens digit of q?
3
Let j(n) = 185*n + 12. Let t be j(-9). Let y = 2876 - t. What is the hundreds digit of y/35 - (-3)/5?
1
Let b(j) = 407*j**3 + j**2 - 4*j - 1. Let h(z) = 408*z**3 + z**2 - 5*z - 1. Let y(m) = 5*b(m) - 4*h(m). What is the tens digit of y(1)?
0
What is the thousands digit of ((-100)/6)/5 + 2677792/156?
7
Suppose 6*i = 143 - 1901. Let p be 45*2*(-27)/18. Let d = p - i. What is the tens digit of d?
5
Let v = -13798 + 22239. What is the tens digit of v?
4
Let d be 0 + 4 + 1 + 5/(-5). What is the units digit of ((-3)/d)/((-7)/6636) + 2?
3
Let r = -504 + 502. What is the hundreds digit of (-30)/18 - r - 8308/(-6)?
3
Let i = 133 + -84. Suppose -39 - 64 = -3*j - p, -j - 4*p = -i. What is the tens digit of j?
3
Let l be (-22*1)/((-24)/(-12)). What is the tens digit of (-728)/l + 34/(-187)?
6
Suppose -3*s = 5*w - 419, -3*w - 173 = -s + 2*w. Let k(y) = 61*y + 414. Let u be k(-5). Suppose s*o - 147*o = u. What is the units digit of o?
9
Let v = -175 + 535. Let n be -218*((-6)/(-3) + -1) + -2. Let b = v + n. What is the hundreds digit of b?
1
Let m(y) = 37*y**2 + 34*y - 2. What is the tens digit of m(9)?
0
Let f(d) be the third derivative of d**6/20 - d**5/60 + 3*d**4/4 - 31*d**3/6 - 78*d**2. What is the tens digit of f(4)?
0
Suppose 65*x = 405*x - 11640824 - 12230916. What is the hundreds digit of x?
2
Suppose -a - 8 = 122. Let s = a - -135. Let q = 107 + s. What is the tens digit of q?
1
Suppose 3*l + 4*f = 9, -l - 2*l + 9 = -4*f. Let k(j) = -8*j**2 + 9*j - 4. Let b be k(l). Let o = 155 + b. What is the units digit of o?
6
Let l be (15/3 - 3) + -112 + 10. Suppose -5*g + 3*g - 104 = 0. Let n = g - l. What is the units digit of n?
8
Suppose -6*n - 13 = -31. Suppose 17*g = -n*g + 9840. What is the units digit of g?
2
Suppose -48*q + 1687202 + 696670 = 0. What is the tens digit of q?
6
Let j be 1*(-1)/(-3) + 208/24. Suppose 0 = q - 2*i, -5*i = 4*q - j*q + 10. Suppose 0 = -2*y - q*f, -f = 4 - 0. What is the units digit of y?
8
Let b = -219 - -398. Let f = 363 - b. What is the tens digit of f?
8
Let z(h) = 3*h + 1. Let f be z(2). Let l be 115/(-25) + -3*(-3)/15. Let r = l + f. What is the units digit of r?
3
What is the ten thousands digit of (9965616/336 - 25) + (-8)/14?
2
Let x = -22379 - -29769. What is the tens digit of x?
9
Let t = -48 + 48. Suppose 4*m + t*m = 0. Suppose -17*g + 16*g + 32 = m. What is the units digit of g?
2
Let l(i) = 61*i + 111. Let p be l(21). Suppose -w = -5*w + p. What is the hundreds digit of w?
3
Let m(p) = -p**3 - 2*p**2 + 5*p - 7. Let c be m(-4). Suppose -972 = -8*u + c*u. Let z = -113 + u. What is the hundreds digit of z?
2
Suppose 2*u - 22122 = -t, -t + 17720 = -5*u - 4360. What is the tens digit of t?
1
Let y = 168037 + -97768. What is the units digit of y?
9
Let o be (-39 - -41)/((-1)/(-14) + 0). What is the units digit of (o/10)/((-2)/(-330))?
2
Suppose 4*u + 56*j = 53*j + 9005, 2*j = -3*u + 6753. What is the hundreds digit of u?
2
Suppose 5*a - 11645 = -2*k, 3*a = -k + 3338 + 2484. What is the hundreds digit of k?
8
Let i(v) = v**3 + 15*v**2 + 18*v + 245. What is the units digit of i(-9)?
9
What is the tens digit of (-2)/42 + (-43331469)/(-6741)?
2
Suppose -16*h + 17*h = 7. Suppose 0 = -h*t + 22*t - 3465. What is the tens digit of t?
3
Let l be 1*(1 + 5) - 5 - -4. Let d(h) = -